f 373773806?
6
What is the ten thousands digit of 18295440?
9
What is the hundreds digit of 1255811592?
5
What is the hundreds digit of 195701033?
0
What is the hundred thousands digit of 30187337?
1
What is the hundred thousands digit of 76608802?
6
What is the hundreds digit of 377928417?
4
What is the units digit of 12651182?
2
What is the hundred thousands digit of 7002090799?
0
What is the millions digit of 2241564799?
1
What is the ten millions digit of 854768276?
5
What is the millions digit of 41572230?
1
What is the hundreds digit of 477222221?
2
What is the units digit of 4600209?
9
What is the ten thousands digit of 120015353?
1
What is the hundred millions digit of 394336527?
3
What is the ten thousands digit of 455360978?
6
What is the hundreds digit of 732757002?
0
What is the units digit of 50256537?
7
What is the hundred millions digit of 211433412?
2
What is the hundreds digit of 666034355?
3
What is the thousands digit of 118306889?
6
What is the hundred thousands digit of 376861433?
8
What is the ten millions digit of 382604009?
8
What is the ten millions digit of 1076175050?
7
What is the millions digit of 217410225?
7
What is the tens digit of 34389824?
2
What is the units digit of 6419828?
8
What is the ten thousands digit of 714858792?
5
What is the hundreds digit of 205441675?
6
What is the hundred thousands digit of 760670?
7
What is the hundred thousands digit of 578322473?
3
What is the ten millions digit of 70443610?
7
What is the tens digit of 827228793?
9
What is the millions digit of 73225984?
3
What is the hundred thousands digit of 100364390?
3
What is the millions digit of 234704275?
4
What is the millions digit of 50663692?
0
What is the ten thousands digit of 3101123950?
2
What is the millions digit of 37397026?
7
What is the hundred thousands digit of 145603629?
6
What is the ten millions digit of 418407162?
1
What is the ten millions digit of 171677104?
7
What is the millions digit of 35092941?
5
What is the units digit of 82213724?
4
What is the units digit of 68580805?
5
What is the ten millions digit of 81147154?
8
What is the hundred thousands digit of 111381510?
3
What is the thousands digit of 36910406?
0
What is the units digit of 957918369?
9
What is the hundred millions digit of 1052563844?
0
What is the hundred thousands digit of 610539509?
5
What is the hundred thousands digit of 7762977940?
9
What is the hundred thousands digit of 2497944331?
9
What is the units digit of 757809307?
7
What is the hundreds digit of 48701646?
6
What is the ten millions digit of 3991515643?
9
What is the tens digit of 223945748?
4
What is the thousands digit of 87666885?
6
What is the hundred thousands digit of 6396024?
3
What is the tens digit of 144243475?
7
What is the hundreds digit of 3348116500?
5
What is the millions digit of 1905427272?
5
What is the hundred millions digit of 503180771?
5
What is the ten millions digit of 476444454?
7
What is the hundred thousands digit of 50802422?
8
What is the thousands digit of 68815287?
5
What is the thousands digit of 796409715?
9
What is the thousands digit of 17019056?
9
What is the millions digit of 248350038?
8
What is the millions digit of 609590740?
9
What is the hundreds digit of 45662113?
1
What is the billions digit of 1874938081?
1
What is the hundred thousands digit of 540164515?
1
What is the ten thousands digit of 180430901?
3
What is the tens digit of 103823324?
2
What is the ten thousands digit of 71706734?
0
What is the hundred millions digit of 652192836?
6
What is the ten millions digit of 437250004?
3
What is the ten millions digit of 526639454?
2
What is the thousands digit of 45207808?
7
What is the millions digit of 729677174?
9
What is the hundreds digit of 1224419911?
9
What is the millions digit of 52051270?
2
What is the millions digit of 78842827?
8
What is the ten millions digit of 1161325534?
6
What is the ten thousands digit of 44894761?
9
What is the hundreds digit of 1861187179?
1
What is the hundred thousands digit of 16295671?
2
What is the ten thousands digit of 41791766?
9
What is the tens digit of 3641016?
1
What is the hundreds digit of 8208519?
5
What is the ten thousands digit of 40261515?
6
What is the millions digit of 77821829?
7
What is the thousands digit of 551361477?
1
What is the ten thousands digit of 1848682?
4
What is the hundreds digit of 383853540?
5
What is the millions digit of 1002902638?
2
What is the hundreds digit of 1936855411?
4
What is the millions digit of 1397849077?
7
What is the hundred thousands digit of 208995466?
9
What is the thousands digit of 135428217?
8
What is the tens digit of 151311924?
2
What is the billions digit of 6830491975?
6
What is the hundred millions digit of 1108840548?
1
What is the hundreds digit of 48613603?
6
What is the hundreds digit of 49114922?
9
What is the ten thousands digit of 678918837?
1
What is the hundreds digit of 3281223396?
3
What is the hundreds digit of 970617935?
9
What is the billions digit of 2787706090?
2
What is the ten millions digit of 33851164?
3
What is the hundred thousands digit of 141833041?
8
What is the millions digit of 178003056?
8
What is the ten thousands digit of 146550994?
5
What is the hundreds digit of 2161597924?
9
What is the millions digit of 129426527?
9
What is the units digit of 86415938?
8
What is the millions digit of 144942888?
4
What is the millions digit of 405201814?
5
What is the units digit of 70330010?
0
What is the ten thousands digit of 1651932?
5
What is the ten millions digit of 57819479?
5
What is the hundred thousands digit of 3500715831?
7
What is the tens digit of 4955719260?
6
What is the tens digit of 560578360?
6
What is the tens digit of 411544688?
8
What is the ten millions digit of 23176063?
2
What is the ten millions digit of 4444600250?
4
What is the billions digit of 5032132778?
5
What is the millions digit of 1342294367?
2
What is the thousands digit of 2351480596?
0
What is the millions digit of 292278271?
2
What is the ten thousands digit of 238014073?
1
What is the hundreds digit of 516265618?
6
What is the hundred thousands digit of 611700207?
7
What is the tens digit of 2754745?
4
What is the millions digit of 21380893?
1
What is the ten thousands digit of 141158270?
5
What is the hundred millions digit of 247907886?
2
What is the hundred millions digit of 155030149?
1
What is the ten thousands digit of 51940518?
4
What is the ten thousands digit of 76847493?
4
What is the thousands digit of 42790512?
0
What is the hundreds digit of 839829391?
3
What is the ten thousands digit of 46436614?
3
What is the millions digit of 69261372?
9
What is the ten thousands digit of 3868337853?
3
What is the billions digit of 3740069681?
3
What is the hundreds digit of 1617616266?
2
What is the units digit of 225004364?
4
What is the ten millions digit of 52120804?
5
What is the tens digit of 633122729?
2
What is the ten millions digit of 88190046?
8
What is the tens digit of 80616319?
1
What is the hundred millions digit of 663440020?
6
What is the ten thousands digit of 388267752?
6
What is the ten thousands digit of 76380088?
8
What is the ten thousands digit of 15990253?
9
What is the ten thousands digit of 170380958?
8
What is the hundreds digit of 208914422?
4
What is the hundreds digit of 696479981?
9
What is the millions digit of 562390050?
2
What is the hundreds digit of 2489098824?
8
What is the ten millions digit of 127012717?
2
What is the units digit of 24355499?
9
What is the thousands digit of 91690648?
0
What is the millions digit of 2645018899?
5
What is the hundred thousands digit of 713373193?
3
What is the thousands digit of 20928923?
8
What is the millions digit of 114087387?
4
What is the thousands digit of 138485785?
5
What is the hundred millions digit of 560510089?
5
What is the hundreds digit of 324262110?
1
What is the thousands digit of 83990642?
0
What is the ten millions digit of 652082329?
5
What is the ten thousands digit of 529162185?
6
What is the units digit of 12506783?
3
What is the ten thousands digit of 108921442?
2
What is the hundreds digit of 62386105?
1
What is the ten thousands digit of 13846194?
4
What is the thousands digit of 954624?
4
What is the hundred thousands d